n factor of 5248 and 2?
2
Calculate the highest common factor of 178 and 39694.
178
Calculate the highest common divisor of 13 and 3523.
13
Calculate the highest common divisor of 13860 and 21.
21
What is the highest common divisor of 54 and 594?
54
Calculate the greatest common factor of 1170 and 90.
90
What is the highest common factor of 24747 and 113?
113
What is the highest common divisor of 10 and 2270?
10
Calculate the highest common divisor of 72 and 558.
18
What is the highest common factor of 78 and 12?
6
Calculate the greatest common divisor of 345 and 23.
23
What is the greatest common factor of 312 and 507?
39
Calculate the greatest common factor of 316 and 237.
79
What is the highest common factor of 819 and 189?
63
What is the highest common divisor of 13974 and 102?
102
Calculate the highest common divisor of 32 and 144.
16
Calculate the greatest common factor of 850 and 350.
50
What is the greatest common divisor of 1788 and 24?
12
Calculate the highest common divisor of 1143 and 18.
9
What is the greatest common divisor of 84 and 4116?
84
Calculate the highest common factor of 357 and 63.
21
Calculate the greatest common divisor of 78 and 18.
6
What is the greatest common factor of 36 and 15588?
36
Calculate the greatest common divisor of 730 and 30.
10
Calculate the highest common factor of 602 and 14.
14
Calculate the highest common factor of 273 and 39.
39
Calculate the greatest common factor of 1275 and 300.
75
Calculate the greatest common factor of 35 and 70.
35
What is the highest common divisor of 20 and 188?
4
Calculate the highest common divisor of 90 and 110.
10
What is the highest common divisor of 136 and 374?
34
What is the highest common divisor of 52 and 11505?
13
What is the highest common factor of 832 and 26?
26
What is the greatest common factor of 275 and 2585?
55
Calculate the highest common divisor of 23 and 207.
23
What is the greatest common factor of 49 and 147?
49
What is the greatest common factor of 368 and 115?
23
What is the highest common divisor of 40 and 248?
8
Calculate the greatest common divisor of 238 and 350.
14
What is the highest common factor of 460 and 414?
46
What is the greatest common factor of 108 and 8?
4
Calculate the greatest common factor of 20 and 220.
20
Calculate the highest common divisor of 2349 and 435.
87
What is the greatest common divisor of 540 and 48?
12
What is the greatest common divisor of 18624 and 768?
192
Calculate the greatest common factor of 38 and 304.
38
What is the greatest common factor of 830 and 30?
10
What is the greatest common divisor of 133 and 19?
19
What is the highest common divisor of 123 and 1189?
41
Calculate the greatest common divisor of 143 and 17303.
143
What is the highest common divisor of 912 and 9006?
114
What is the highest common divisor of 300 and 174?
6
What is the highest common divisor of 340 and 460?
20
Calculate the highest common divisor of 15 and 915.
15
Calculate the greatest common divisor of 20 and 160.
20
Calculate the greatest common factor of 10206 and 6.
6
What is the greatest common factor of 168 and 120?
24
Calculate the greatest common factor of 335 and 603.
67
Calculate the greatest common factor of 24 and 30.
6
Calculate the greatest common divisor of 49 and 441.
49
What is the highest common factor of 22 and 682?
22
What is the highest common divisor of 14 and 6?
2
What is the highest common divisor of 46 and 2?
2
What is the highest common divisor of 260 and 4030?
130
What is the highest common divisor of 42 and 348?
6
What is the highest common factor of 3 and 1191?
3
What is the greatest common divisor of 8302 and 98?
14
Calculate the greatest common divisor of 2355 and 15.
15
What is the greatest common factor of 1683 and 34?
17
What is the greatest common factor of 13 and 221?
13
Calculate the greatest common divisor of 48 and 60.
12
Calculate the greatest common factor of 18 and 31.
1
What is the highest common factor of 40 and 40?
40
Calculate the greatest common divisor of 672 and 588.
84
What is the highest common factor of 679 and 194?
97
Calculate the highest common factor of 7 and 31927.
7
What is the highest common divisor of 7 and 24?
1
Calculate the highest common divisor of 32 and 144.
16
What is the highest common factor of 168 and 14232?
24
What is the highest common factor of 87 and 54?
3
Calculate the greatest common factor of 864 and 2322.
54
Calculate the greatest common divisor of 324 and 888.
12
Calculate the greatest common divisor of 90 and 95.
5
Calculate the greatest common divisor of 5 and 665.
5
Calculate the highest common factor of 16604 and 56.
28
What is the highest common divisor of 2067 and 117?
39
What is the highest common factor of 121729 and 41?
41
Calculate the highest common factor of 80 and 880.
80
Calculate the greatest common divisor of 72 and 104.
8
Calculate the highest common divisor of 15828 and 12.
12
Calculate the highest common divisor of 1170 and 200.
10
Calculate the highest common factor of 3 and 43.
1
What is the highest common divisor of 1304 and 8?
8
Calculate the greatest common divisor of 520 and 65.
65
Calculate the greatest common divisor of 29 and 4843.
29
What is the highest common factor of 234 and 90?
18
Calculate the highest common divisor of 40 and 3240.
40
What is the greatest common divisor of 21 and 7707?
21
What is the greatest common divisor of 9727 and 137?
137
What is the highest common factor of 899 and 31?
31
What is the greatest common divisor of 15 and 195?
15
What is the greatest common factor of 8144 and 16?
16
What is the greatest common divisor of 1728 and 972?
108
What is the greatest common divisor of 216 and 342?
18
Calculate the highest common divisor of 648 and 22518.
162
Calculate the highest common divisor of 285 and 57.
57
What is the greatest common factor of 62 and 8897?
31
What is the greatest common factor of 72 and 54?
18
Calculate the greatest common divisor of 5 and 33.
1
What is the greatest common divisor of 570 and 590?
10
Calculate the greatest common divisor of 52 and 7020.
52
Calculate the greatest common divisor of 232 and 290.
58
What is the greatest common divisor of 8 and 12?
4
Calculate the greatest common divisor of 658 and 14.
14
What is the greatest common divisor of 370 and 60?
10
What is the highest common divisor of 108 and 12?
12
What is the greatest common factor of 217 and 56?
7
Calculate the greatest common divisor of 165 and 737.
11
Calculate the highest common divisor of 22 and 6.
2
What is the greatest common divisor of 1855 and 70?
35
Calculate the greatest common factor of 22 and 41.
1
What is the greatest common divisor of 696 and 24?
24
Calculate the greatest common factor of 16025 and 25.
25
What is the highest common divisor of 1122 and 22?
22
What is the highest common factor of 38 and 950?
38
What is the greatest common factor of 44 and 4?
4
What is the greatest common factor of 302 and 2?
2
What is the highest common divisor of 117 and 54?
9
What is the highest common divisor of 63 and 35?
7
What is the highest common factor of 351 and 189?
27
What is the highest common divisor of 9646 and 182?
182
Calculate the highest common divisor of 595 and 1610.
35
Calculate the greatest common factor of 135 and 110.
5
What is the highest common divisor of 10 and 440?
10
What is the greatest common factor of 29 and 1073?
29
What is the greatest common factor of 72 and 3258?
18
Calculate the highest common factor of 6 and 39.
3
What is the highest common divisor of 722 and 76?
38
What is the highest common factor of 75 and 60?
15
What is the greatest common divisor of 2088 and 504?
72
What is the highest common factor of 136 and 5338?
34
Calculate the greatest common divisor of 1032 and 36.
12
What is the highest common factor of 1035 and 45?
45
Calculate the greatest common divisor of 1862 and 21.
7
Calculate the greatest common factor of 357 and 42.
21
What is the highest common factor of 1147 and 62?
31
What is the highest common factor of 56 and 1330?
14
Calculate the greatest common divisor of 429 and 33.
33
Calculate the highest common divisor of 10 and 3394.
2
What is the greatest common factor of 7700 and 440?
220
What is the highest common divisor of 216 and 243?
27
Calculate the